{"id":244,"date":"2021-05-01T11:08:06","date_gmt":"2021-05-01T09:08:06","guid":{"rendered":"http:\/\/www.idylligkeit.de\/notizen\/?page_id=244"},"modified":"2023-01-05T13:51:35","modified_gmt":"2023-01-05T05:51:35","slug":"datenschutzerklaerung","status":"publish","type":"page","link":"https:\/\/www.idylligkeit.de\/notizen\/reisen\/datenschutzerklaerung","title":{"rendered":"Datenschutzerkl\u00e4rung"},"content":{"rendered":"\n<ol class=\"wp-block-list\">\n<li>ALLGEMEINES<br>Wir freuen uns, dass Du unsere Website https:\/\/www.idylligkeit\/notizen besuchst.<br>Im Folgenden informieren wir Dich \u00fcber den Umgang mit Deinen personenbezogenen Daten bei der Nutzung unserer Website.<br>\n<ol class=\"wp-block-list\">\n<li>VERANTWORTLICHER IM SINNE DER DSGVO<br>M i c h a  .  S u c k u t<br>Wrangelstr. 61<br>20253 Hamburg<br>Deutschland<br>E\u2011Mail: info (at) idylligkeit (punkt) de<br>Telefon: +49-40-60942048<br><br>Verantwortliche Stelle ist die nat\u00fcrliche oder juristische Person, die allein oder gemeinsam mit anderen \u00fcber die Zwecke und Mittel der Verarbeitung von personenbezogenen Daten (z.B. Namen, E\u2011Mail-Adressen o. \u00e4.) entscheidet.<br><\/li>\n\n\n\n<li>WAS SIND PERSONENBEZOGENE DATEN<br>Personenbezogene Daten sind Angaben, die die Identit\u00e4t des Nutzers offenlegen oder offenlegen k\u00f6nnen. Wir halten uns an den Grundsatz der Datenvermeidung. Es wird soweit wie m\u00f6glich auf die Erhebung von personenbezogenen Daten verzichtet.<br><\/li>\n\n\n\n<li>UMGANG MIT PERSONENBEZOGENEN DATEN<br>Personenbezogene Daten dienen ausschlie\u00dflich der Vertragsbegr\u00fcndung, inhaltlichen Ausgestaltung, Durchf\u00fchrung oder Abwicklung des Vertragsverh\u00e4ltnisses (Art. 6 I b DSGVO). Sie werden grunds\u00e4tzlich nur zur Leistungserbringung und Vertragserf\u00fcllung an Dritte weitergegeben. Auf Drittanbieter verweisen wir weiter unten.<br><\/li>\n\n\n\n<li>DATENSICHERHEIT<br>Diese Website nutzt aus Sicherheitsgr\u00fcnden und zum Schutz der \u00dcbertragung personenbezogenen Daten und anderer vertraulicher Inhalte (z.B. bei Bestellungen) eine SSL bzw. TLS-Verschl\u00fcsselung. Du kannst eine verschl\u00fcsselte Verbindung an der Zeichenfolge https:\/\/ und dem Schloss-Symbol in Deiner Browserzeile erkennen.<br>S\u00e4mtliche Daten auf unserer Website werden durch technische und organisatorische Ma\u00dfnahmen gegen Verlust, Zerst\u00f6rung, Zugriff, Ver\u00e4nderung und Verbreitung gesichert.<br><\/li>\n<\/ol>\n<\/li>\n\n\n\n<li>DATENERFASSUNG BEIM BESUCH AUF UNSERER WEBSITE<br>Beim Besuch unserer Website aus informatorischen Interesse (z.B. f\u00fcr das Lesen der Blogartikel), ohne dass Du Dich registrierst oder uns anderweitig Informationen \u00fcbermittelst, erheben wir nur allgemeine technische Informationen, die Dein Browser an unseren Server \u00fcbermittelt. Diese Nutzungsdaten werden technisch bedingt in einem Logfile registriert (sog. \u00abServer-Logfiles\u00bb) und k\u00f6nnen zum Zwecke der Statistikauswertung dieser Website benutzt und gespeichert werden. Eine Weitergabe oder anderweitige Verwendung findet nicht statt. Wir behalten und allerdings vor, die Server-Logfiles nachtr\u00e4glich zu \u00fcberpr\u00fcfen, sollten konkrete Anhaltspunkte auf eine rechtswidrige Nutzung hinweisen. Die Nutzung bestimmter externer Dienste, wie eingebettete Videos, erfordert ausnahmsweise die \u00dcbermittlung von technischen Daten an Dritte und wird weiter unten beschrieben.<br><br>Nutzungsdaten sind:\n<ol class=\"wp-block-list\">\n<li>die bei uns besuchte Seite<\/li>\n\n\n\n<li>verwendete IP-Adresse (ggf: in anonymisierter Form)<\/li>\n\n\n\n<li>Datum und Uhrzeit zum Zeitpunkt des Zugriffs<\/li>\n\n\n\n<li>Dauer des Besuchs<\/li>\n\n\n\n<li>Browsertyp<\/li>\n\n\n\n<li>die Herkunftsseite<\/li>\n\n\n\n<li>verwendetes Betriebssystem<br><\/li>\n<\/ol>\n<\/li>\n\n\n\n<li>SESSIONS UND COOKIES<br>Zur Bedienung des Internetauftritts k\u00f6nnen wir Cookies oder serverseitige Sessions einsetzen, in denen Daten gespeichert werden k\u00f6nnen. Cookies dienen dabei z.B. dazu, Dich beim n\u00e4chsten Besuch zu erkennen. Cookies richten auf Deinem Rechner keinen Schaden an und enthalten keine Viren.<br><br>Cookies sind Dateien, die von einer Website auf Deiner Festplatte abgelegt werden, um diesen Computer beim n\u00e4chsten Webseitenbesuch automatisch wieder zu erkennen und damit die Nutzung der Website an Dich anpassen zu k\u00f6nnen. Einige der verwendeten Cookies werden nach dem Ende der Browser-Sitzung wieder gel\u00f6scht. Dabei handelt es sich um sogenannte Sitzungs-Cookies. Andere Cookies verbleiben auf Deinem Endger\u00e4t und erm\u00f6glichen die Wiedererkennung des Browsers bei einem sp\u00e4teren Besuch unserer Website (dauerhafte Cookies).<br><br>Du kannst Deinen Browser so einstellen, dass Du \u00fcber das Setzen von Cookies informiert wirst und einzeln \u00fcber deren Annahme entscheiden oder die Annahme von Cookies f\u00fcr bestimmte F\u00e4lle oder generell ausschlie\u00dfen. Bitte beachte dabei, dass Du m\u00f6glicherweise einige Funktionen dieser Website nicht nutzen kannst, wenn die Cookies deaktiviert sind. Cookies, die zur Durchf\u00fchrung des elektronischen Kommunikationsvorgangs oder zur Bereitstellung bestimmter, von Dir erw\u00fcnschter Funktionen (z.B. Warenkorbfunktion) erforderlich sind, werden auf Grundlage von Art. 6 Abs. 1 lit. f DSGVO gespeichert. Der Websitebetreiber hat ein berechtigtes Interesse an der Speicherung von Cookies zur technisch fehlerfreien und optimierten Bereitstellung seiner Dienste. Soweit andere Cookies (z.B. Cookies zur Analyse Deines Surfverhaltens) gespeichert werden, werden diese in dieser Datenschutzerkl\u00e4rung gesondert behandelt.<br><\/li>\n\n\n\n<li>KONTAKTAUFNAHME<br>Im Rahmen der Kontaktaufnahme mit uns (per <a href=\"https:\/\/www.idylligkeit.de\/notizen\/?page_id=499\" data-type=\"page\" data-id=\"499\">Email<\/a>) werden personenbezogene Daten erhoben. Welche Daten \u00fcber ein etwaiges Kontaktformular erhoben werden, ist aus dem Kontaktformular ersichtlich. Diese Daten werden ausschlie\u00dflich zum Zweck der Beantwortung Deines Anliegens bzw. f\u00fcr die Kontaktaufnahme und die damit verbundene technische Administration gespeichert und verwendet.<br><br>Rechtsgrundlage f\u00fcr die Verarbeitung der Daten ist unser berechtigtes Interesse an der Beantwortung Deines Anliegens gem\u00e4\u00df Art. 6 Abs. 1 lit. f DSGVO. Zielt die Kontaktierung auf den Abschluss eines Vertrages ab, so ist zus\u00e4tzliche Rechtsgrundlage f\u00fcr die Verarbeitung Art. 6 Abs. 1 lit. b DSGVO.<br><\/li>\n\n\n\n<li>KOMMENTARFUNKTION<br>Wenn Du auf unserer Website die Kommentarfunktion nutzt, werden neben diesen Kommentaren auch der Zeitpunkt der Erstellung, Dein gew\u00e4hltes Pseudonym und vor\u00fcbergehend auch Deine IP-Adresse gespeichert. Dies geschieht, damit wir bei widerrechtlichen Inhalten unsere Rechte wahren k\u00f6nnen (Art. 6 I f DSGVO).<br><br>Du hast zudem die M\u00f6glichkeit Kommentare zu abonnieren. Solltest Du diese Option ausw\u00e4hlen, verwenden wir das sog. Double Opt-in Verfahren. Das hei\u00dft, dass Du eine Best\u00e4tigungsmail erh\u00e4ltst, in der Du gebeten wirst, durch Anklicken eines entsprechendes Links zu best\u00e4tigen, dass Du zuk\u00fcnftig Kommentare erhalten m\u00f6chtest.<br><br>Du kannst Deine erteilte Einwilligung jederzeit widerrufen. Daf\u00fcr gibt es am Ende jeder Benachrichtigungs-Email einen Link, \u00fcber den Du Dich austragen kannst. Alternativ reicht daf\u00fcr auch eine formlose Nachricht an uns. Die Rechtm\u00e4\u00dfigkeit der bereits erfolgten Datenverarbeitungsvorg\u00e4nge bleibt vom Widerruf unber\u00fchrt.<br><\/li>\n\n\n\n<li>ANMELDUNG ZU UNSEREM EMAIL-NEWSLETTER<br>Wenn Du Dich zu unserem Newsletter anmeldest, \u00fcbersenden wir Dir regelm\u00e4\u00dfig Informationen im Zusammenhang mit idylligkeit.de. Pflichtangabe f\u00fcr die \u00dcbersendung des Newsletters ist allein Deine Email-Adresse.<br><br>F\u00fcr den Versand des Newsletters verwenden wir das sog. Double Opt-in Verfahren. Das hei\u00dft, dass wir Dir nach Deiner Newsletter-Anmeldung durch Email-Eintragung auf unserer Website eine Best\u00e4tigungs-Email senden, in der Du gebeten wirst, durch Anklicken eines entsprechendes Links zu best\u00e4tigen, dass Du zuk\u00fcnftig Newsletter von idylligkeit.de erhalten m\u00f6chtest.<br><br>Die Abmeldung vom Newsletter ist jederzeit m\u00f6glich und kann entweder \u00fcber den daf\u00fcr vorgesehenen Link im Fu\u00df des Newsletters erfolgen oder durch eine formlose Nachricht an uns.<br><\/li>\n\n\n\n<li>DIENSTE VON DRITTANBIETERN\n<ol class=\"wp-block-list\">\n<li>SOCIAL-MEDIA-LINKS UND SOCIAL-SHARING<br>Wir setzen f\u00fcr unsere \u00abSocial Links\u00bb die sog. Shariff-Buttons ein, die beim Seitenaufruf keine Nutzerdaten an die Social-Media-Plattformen weiterleiten.<br>Du kannst daher unsere Inhalte in sozialen Netzwerken wie Facebook, Instagram, Twitter oder Google+ teilen, ohne dass schon beim Aufruf unserer Seite Surf-Profile durch die Betreiber der Netzwerke erstellt werden k\u00f6nnen. Unsere Social-Media Schaltfl\u00e4chen stellen den direkten Kontakt zwischen den Netzwerken und Dir als Nutzer erst dann her, wenn Du aktiv auf einen dieser Button klickst. Eine automatische \u00dcbertragung von Nutzerdaten an die Betreiber der sozialen Netzwerke erfolgt somit nicht. Bist Du bei einem der sozialen Netzwerke angemeldet, erscheint bei der Nutzung unserer \u00abSocial-Links\u00bb ein Informations-Fenster, in dem Du den Text vor dem Absenden best\u00e4tigen kannst.<br><\/li>\n\n\n\n<li>EINGEBETTETE YOUTUBE UND VIMEO VIDEOS<br>Immer, wenn wir ein Video auf unserer Webseite einbinden, setzen wir das Lazy Load for Videos plugin ein. Dieses Plugin verhindert, dass Nutzerdaten an die Betreiber der Video-Plattformen geschickt werden, wenn die Videos gar nicht abgespielt werden.<br>Nur, wenn Du Dich aktiv dazu entscheidest, ein Video abzuspielen, wir der regul\u00e4re Youtube oder Vimeo Player geladen.<br>Betreiber des Youtube plugin is YouTube, LLC, 901 Cherry Ave., San Bruno, CA 94066, USA.<br>Betreiber des Vimeo plugin is Vimeo LLC, 555 West 18th Street, New York, New York 10011, USA.<br>Wenn Du eines der eingebetteten oder verlinkten Videos bei Youtube oder Vimeo abspielst, stellst Du eine Verbindung mit den entsprechenden Servern her. Dabei erf\u00e4hrt der Diensteanbieter, von welcher Seite Du das Video aufrufst. Falls Du bei Youtube oder Vimeo eingeloggt bist, kann der Diensteanbieter Dein Surfverhalten Dir pers\u00f6nlich zuordnen. Das kannst Du verhindern, indem Du Dich bei dem Dienst vorher ausloggst.<br>Wird ein Youtube- oder Vimeo Video abgespielt, setzt der Anbieter Cookies ein, die Hinweise \u00fcber das Nutzerverhalten sammeln. Wenn Du das Speichern von Cookies f\u00fcr das Google-Ad-Programm deaktiviert hast, wirst Du auch beim Anschauen von Videos mit keinen solcher Cookies rechnen m\u00fcssen. Youtube und Vimeo legen aber auch in anderen Cookies nicht-personenbezogene Nutzungsinformationen ab. M\u00f6chtest Du das verhindern, so musst Du das Speichern von Cookies in Deinem Browser blockieren.<br>Au\u00dferdem ruft Vimeo \u00fcber einen iFrame, in dem das Video aufgerufen wird, den Tracker Google Analytics auf. Dabei handelt es sich um ein eigenes Tracking von Vimeo, auf das wir keinen Zugriff haben. Du kannst das Tracking durch Google Analytics verhindern, indem Du die Deaktivierungs-Tools einsetzen, die Google f\u00fcr einige Internet-Browser anbietet. Du kannst dar\u00fcber hinaus die Erfassung der durch Google Analytics erzeugten und auf Deine Nutzung der Website bezogenen Daten (inkl. Ihrer IP-Adresse) an Google sowie die Verarbeitung dieser Daten durch Google verhindern, indem Du ein entsprechendes Browser-Plugin herunterl\u00e4dst und installierst.<br>F\u00fcr weitere Informationen dar\u00fcber, wie diese Diensteanbieter mit dem Datenschutz umgehen, lies bitte die Youtube Datenschutzerkl\u00e4rung und die Vimeo Datenschutzerkl\u00e4rung.<br>Die Nutzung der Videoplattformen von Youtube und Vimeo erfolgt im Interesse einer ansprechenden Darstellung unserer Online-Angebote. Dies stellt ein berechtigtes Interesse im Sinne von Art. 6 Abs. 1 lit. f DSGVO dar.<br><\/li>\n\n\n\n<li>AFFILIATE LINKS UND WERBUNG<br>M\u00f6glicherweise platzieren wir auf unserer Website Affiliate- und Werbelinks bzw. Banner zu bestimmten Drittanbietern. Mit diesen Links\/Bannern generieren wir Einnahmen (Werbekostenerstattungen), wenn \u00fcber diesen Link\/Banner beim jeweiligen Drittanbieter eingekauft wird bzw. wenn dessen Seite aufgerufen wird.<br>Der Drittanbieter kann hierbei Cookies einsetzen, um die Herkunft der Bestellungen bzw. des Aufrufs ausfindig machen zu k\u00f6nnen. Dies hat jedoch keine Auswirkungen auf die Nutzung unserer Website und begr\u00fcndet insbesondere keine Kaufverpflichtung. Wir kennzeichnen solche Affiliate Links mit einem Sternchen (*).<br><\/li>\n\n\n\n<li>Erkennung von Spam mit Askimet<br>Diese Website verwendet Akismet, um Spam zu reduzieren. Deine Daten, welche Du beim Schreiben von Kommentaren unserer Seite \u00fcbermittelst, werden zum Zweck der Spam-Erkennung an Askimet \u00fcbermittelt. Hier findest Du die aktuelle Datenschutzerkl\u00e4rung des Dienstanbieters: <a href=\"https:\/\/akismet.com\/privacy\/\" data-type=\"URL\" data-id=\"https:\/\/akismet.com\/privacy\/\">LINK<\/a>.<br><\/li>\n<\/ol>\n<\/li>\n\n\n\n<li>DAUER DER SPEICHERUNG PERSONENBEZOGENER DATEN<br>Die Dauer der Speicherung von personenbezogenen Daten bemisst sich anhand der jeweiligen gesetzlichen Aufbewahrungsfrist (z.B. handels- und steuerrechtliche Aufbewahrungsfristen). Nach Ablauf der Frist werden die entsprechenden Daten routinem\u00e4\u00dfig gel\u00f6scht, sofern sie nicht mehr zur Vertragserf\u00fcllung oder Vertragsanbahnung erforderlich sind und\/oder unsererseits kein berechtigtes Interesse an der Weiterspeicherung fortbesteht.<br><\/li>\n\n\n\n<li>DEINE RECHTE<br>\n<ol class=\"wp-block-list\">\n<li>AUSKUNFTSRECHT<br>Du kannst von uns eine Auskunft dar\u00fcber verlangen, ob wir personenbezogene Daten von Dir verarbeiten und soweit dies der Fall ist hast Du ein Recht auf Auskunft \u00fcber diese personenbezogenen Daten und auf die in Art. 15 DSGVO genannten weiteren Informationen.<br><\/li>\n\n\n\n<li>RECHT AUF BERICHTIGUNG<br>Du hast das Recht auf Berichtigung der Dich betreffenden unrichtigen personenbezogenen Daten und kannst gem\u00e4\u00df Art. 16 DSGVO die Vervollst\u00e4ndigung unvollst\u00e4ndiger personenbezogener Daten verlangen.<br><\/li>\n\n\n\n<li>RECHT AUF L\u00d6SCHUNG<br>Du hast das Recht von uns zu verlangen, dass die Dich betreffenden personenbezogenen Daten bei Vorliegen der Voraussetzung des Art. 17 Abs. 1 DSGVO unverz\u00fcglich gel\u00f6scht werden. Das Recht auf L\u00f6schung besteht insbesondere dann nicht, wenn die Verarbeitung zur Aus\u00fcbung des Rechts auf freie Meinungs\u00e4u\u00dferung und Information, zur Erf\u00fcllung einer rechtlichen Verpflichtung, aus Gr\u00fcnden des \u00f6ffentlichen Interesses oder zur Geltendmachung, Aus\u00fcbung oder Verteidigung von Rechtsanspr\u00fcchen erforderlich ist. <br><br>Wir sind jedoch verpflichtet diese unverz\u00fcglich zu l\u00f6schen, insbesondere sofern einer der folgenden Gr\u00fcnde zutrifft:\n<ol class=\"wp-block-list\">\n<li>Deine personenbezogenen Daten sind f\u00fcr die Zwecke, f\u00fcr die sie erhoben oder auf sonstige Weise verarbeitet wurden, nicht mehr notwendig<\/li>\n\n\n\n<li>Du widerrufst Deine Einwilligung, auf die sich die Verarbeitung Deiner Daten st\u00fctzte, und es fehlt an einer anderweitigen Rechtsgrundlage f\u00fcr die Verarbeitung<\/li>\n\n\n\n<li>Deine Daten wurden unrechtm\u00e4\u00dfig verarbeitet<br><\/li>\n<\/ol>\n<\/li>\n\n\n\n<li>RECHT AUF EINSCHR\u00c4NKUNG DER VERARBEITUNG<br>Du hast gem\u00e4\u00df Art. 18 DSGVO das Recht von uns die Einschr\u00e4nkung der Verarbeitung Deiner personenbezogenen Daten zu verlangen, wenn<br>\n<ol class=\"wp-block-list\">\n<li>Du die Richtigkeit der Daten bestreitest und wir daher die Richtigkeit \u00fcberpr\u00fcfen,<\/li>\n\n\n\n<li>die Verarbeitung unrechtm\u00e4\u00dfig ist und Du die L\u00f6schung ablehnst und stattdessen die Einschr\u00e4nkung der Nutzung verlangst<\/li>\n\n\n\n<li>wir die Daten nicht l\u00e4nger ben\u00f6tigen, Du diese jedoch zur Geltendmachung, Aus\u00fcbung oder Verteidigung von Rechtsanspr\u00fcchen ben\u00f6tigst,<\/li>\n\n\n\n<li>Du Widerspruch gegen die Verarbeitung deiner Daten eingelegt hast, und noch nicht feststeht, ob unsere berechtigten Gr\u00fcnde gegen\u00fcber deinen Gr\u00fcnden \u00fcberwiegen.<br><\/li>\n<\/ol>\n<\/li>\n\n\n\n<li>RECHT AUF DATEN\u00dcBERTRAGBARKEIT<br>Du hast das Recht die Dich betreffenden personenbezogenen Daten, die Du uns bereitgestellt hast, in einem strukturierten, g\u00e4ngigen und maschinenlesbaren Format zu erhalten und Du hast das Recht, diese Daten einem anderen Verantwortlichen ohne Behinderung durch uns zu \u00fcbermitteln, sofern die Verarbeitung auf einer Einwilligung oder einem Vertrag beruht und die Verarbeitung bei uns mithilfe automatisierter Verfahren erfolgt.<br><\/li>\n\n\n\n<li>WIDERRUFSRECHT<br>Du hast das Recht, eine einmal erteilte Einwilligung in die Verarbeitung von Daten jederzeit mit Wirkung f\u00fcr die Zukunft zu widerrufen. Im Falle des Widerrufs werden wir die betroffenen Daten unverz\u00fcglich l\u00f6schen, sofern eine weitere Verarbeitung nicht auf eine Rechtsgrundlage zur einwilligungslosen Verarbeitung gest\u00fctzt werden kann. Durch den Widerruf der Einwilligung wird die Rechtm\u00e4\u00dfigkeit der aufgrund der Einwilligung bis zum Widerruf erfolgten Verarbeitung nicht ber\u00fchrt.<br><\/li>\n\n\n\n<li>BESCHWERDERECHT<br>Unbeschadet eines anderweitigen verwaltungsrechtlichen oder gerichtlichen Rechtsbehelfs steht Ihnen das Recht auf Beschwerde bei einer Aufsichtsbeh\u00f6rde, insbesondere in dem Mitgliedstaat ihres Aufenthaltsorts, ihres Arbeitsplatzes oder des Orts des mutma\u00dflichen Versto\u00dfes, wenn Sie der Ansicht sind, dass die Verarbeitung der Sie betreffenden personenbezogenen Daten gegen die DS-GVO verst\u00f6\u00dft.<br><br>Die Aufsichtsbeh\u00f6rde, bei der die Beschwerde eingereicht wurde, unterrichtet den Beschwerdef\u00fchrer \u00fcber den Stand und die Ergebnisse der Beschwerde einschlie\u00dflich der M\u00f6glichkeit eines gerichtlichen Rechtsbehelfs nach Art. 78 DS-GVO.<\/li>\n<\/ol>\n<\/li>\n<\/ol>\n","protected":false},"excerpt":{"rendered":"","protected":false},"author":2,"featured_media":0,"parent":118,"menu_order":2,"comment_status":"closed","ping_status":"closed","template":"","meta":{"jetpack_post_was_ever_published":false,"footnotes":""},"class_list":["post-244","page","type-page","status-publish","hentry"],"jetpack_sharing_enabled":true,"_links":{"self":[{"href":"https:\/\/www.idylligkeit.de\/notizen\/wp-json\/wp\/v2\/pages\/244","targetHints":{"allow":["GET"]}}],"collection":[{"href":"https:\/\/www.idylligkeit.de\/notizen\/wp-json\/wp\/v2\/pages"}],"about":[{"href":"https:\/\/www.idylligkeit.de\/notizen\/wp-json\/wp\/v2\/types\/page"}],"author":[{"embeddable":true,"href":"https:\/\/www.idylligkeit.de\/notizen\/wp-json\/wp\/v2\/users\/2"}],"replies":[{"embeddable":true,"href":"https:\/\/www.idylligkeit.de\/notizen\/wp-json\/wp\/v2\/comments?post=244"}],"version-history":[{"count":0,"href":"https:\/\/www.idylligkeit.de\/notizen\/wp-json\/wp\/v2\/pages\/244\/revisions"}],"up":[{"embeddable":true,"href":"https:\/\/www.idylligkeit.de\/notizen\/wp-json\/wp\/v2\/pages\/118"}],"wp:attachment":[{"href":"https:\/\/www.idylligkeit.de\/notizen\/wp-json\/wp\/v2\/media?parent=244"}],"curies":[{"name":"wp","href":"https:\/\/api.w.org\/{rel}","templated":true}]}}